at is the remainder when g is divided by o?
3
Let r = 41 - 24. Calculate the remainder when 28 is divided by r.
11
Let w = -78 - -110. What is the remainder when w is divided by 9?
5
Let x(i) = i**3 + 9*i**2 - 14*i - 14. Calculate the remainder when x(-10) is divided by 14.
12
Suppose 28 = 5*h - 3*g, -4*g + 6 = 3*h - 5. What is the remainder when 29 is divided by h?
4
Let d(y) = -19*y + 11. What is the remainder when d(-4) is divided by 22?
21
Let p(x) = x**2 - 9*x - 30. Calculate the remainder when p(13) is divided by 1/1 - 5*-1.
4
Suppose 0*b - 3*b = 0. Let u be 6*2/6*10. Suppose b*c - c = -u. What is the remainder when c is divided by 7?
6
Suppose -4*o - j = 141, -5*j = 5*o - 2*j + 171. Let n = -25 - o. What is the remainder when 52 is divided by n?
8
Let b = -140 + 213. What is the remainder when b is divided by 19?
16
Suppose 0 = 2*i - 3 - 1. Let u = 18 + -13. Suppose -l = -u*c + 2*l - 10, 5*l - 27 = -2*c. Calculate the remainder when i is divided by c.
0
Suppose 2*x - 1 = 3. Let k(l) = 2 + 2*l - l - 9 + 0*l. Calculate the remainder when x is divided by k(8).
0
Let r be 1/3*12/1. Suppose -9 - 11 = r*i. Calculate the remainder when 8 is divided by 1/(2/i)*-2.
3
Suppose 3*o - 24 = 7*o. Let k(y) = -y**2 - 7*y + 6. What is the remainder when 34 is divided by k(o)?
10
Let j(l) = 2*l**2 - 3*l - 23. What is the remainder when j(6) is divided by 1 - (-1)/(1/17)?
13
Suppose -3*c + 84 = 27. Let z(j) = -j**3 - 7*j**2 - 6*j + 7. What is the remainder when c is divided by z(-6)?
5
Suppose 0*f - 118 = -2*f. Calculate the remainder when f is divided by 30.
29
Let j = 0 + -1. Let u = 4 + j. What is the remainder when 8 is divided by u?
2
Suppose 4*x - 5*v = 107, 3*x + 2*v = x + 76. Calculate the remainder when x is divided by 12.
9
Suppose 0 = -6*j + 27 + 21. Let k(t) = t - 4*t + 30 + 2*t. Calculate the remainder when k(0) is divided by j.
6
What is the remainder when 4/(-6)*(-294)/4 is divided by 25?
24
Suppose 5*a - 413 = -2*z - z, -3*a + 251 = 5*z. Calculate the remainder when a is divided by 14.
12
Let x(t) = -t**2 + 2*t - 3*t**3 + 0*t + 2 + 2*t**3. Calculate the remainder when x(-3) is divided by ((-48)/(-9))/(8/12).
6
Let k(j) = -7*j**3 - j**2 - 3*j - 3. Let y(g) = g**3 + g**2 + g + 1. Let q(w) = k(w) + 2*y(w). Calculate the remainder when 9 is divided by q(-1).
3
Let i(u) be the third derivative of 19*u**4/24 - u**3/6 + u**2. Suppose -19 = a - 32. Calculate the remainder when i(2) is divided by a.
11
Let w(b) = b - 5. Let s be w(6). Suppose 5*c - 4*a + s = 0, 5*c - a + 2*a - 19 = 0. Calculate the remainder when (-1 + 10/c)*6 is divided by 5.
4
Let w = 23 + -23. Suppose w*i + 2*i + 6 = 4*t, -2*i + 9 = t. Calculate the remainder when i is divided by 1.
0
Let i(v) = v**3 + 3*v + 35 - 35 - 3*v**2. What is the remainder when 3 is divided by i(2)?
1
Calculate the remainder when 49 is divided by (1 + (-6)/4)*-20.
9
Let w(j) = j**2 - j + 40. Let d(g) be the third derivative of g**4/12 + 2*g**3/3 - g**2. What is the remainder when w(0) is divided by d(5)?
12
Let p(u) = -18*u + 2. Let t be p(2). Let d = 77 + t. What is the remainder when d is divided by 122/8 - 2/8?
13
Let g(k) = k**3 + 7*k**2 - 8*k + 2. Let r be g(-8). Let p be 2 - (4/r)/1. Suppose 5*o - o - 36 = p. Calculate the remainder when o is divided by 4.
1
Let o = -56 + 63. Calculate the remainder when ((-8)/6)/(5/(-75)) is divided by o.
6
What is the remainder when 123 is divided by 6/4 + 351/18?
18
Let l(d) = d**3 + 8*d**2 + 8*d + 5. Let q(f) = -3*f + 9. Let g be q(5). What is the remainder when l(g) is divided by (-15)/4*4/(-1)?
14
Let l be 1/((-2)/(-12))*-1. Let i = l - -4. Let n = 11 + i. What is the remainder when 16 is divided by n?
7
Let b(o) = -12*o. Let k(h) = -3*h + 2. Let z be k(-8). Let x = -13 + z. What is the remainder when b(-2) is divided by x?
11
Suppose -16 = -2*q - 44. Let v be (-30)/(-7) + 4/q. Suppose 0 = -4*d - v*k + 56, -d + 3*k - 1 = 5. What is the remainder when 25 is divided by d?
7
Let b(c) be the second derivative of c**4/3 + c**3/2 + c**2/2 + c. Let z = 38 - 6. What is the remainder when z is divided by b(-2)?
10
Suppose -n - 180 = -j - 3*j, 4*j - 188 = -n. Suppose -4*v + 22 = -j. Calculate the remainder when 31 is divided by v.
14
Suppose 0 = -29*z + 30*z - 24. What is the remainder when 69 is divided by z?
21
Let j(h) = -6*h**3 + 4*h. Let o be j(-4). Suppose o = f + 3*f. Suppose 0 = -3*y + c + f + 32, 3*c = 15. What is the remainder when y is divided by 11?
10
Suppose 5*s - 10 = 0, -5*s - 32 = -4*h - s. Suppose r = 3*w + h + 21, 2*r = 2*w + 42. What is the remainder when r is divided by 6?
4
Suppose 5*m - 5 - 5 = 0. Suppose -11 + 115 = m*l. What is the remainder when l is divided by 18?
16
Let j be 2*(-2 - -5 - -3). What is the remainder when 31 is divided by 17*(j/3)/4?
14
Suppose -2*m - 2*r + 120 = 0, 3*m - 2*r + 242 = 7*m. Calculate the remainder when m is divided by 21.
19
Suppose 3*a + 252 = 5*a. Calculate the remainder when a is divided by 22.
16
What is the remainder when 22 is divided by (9 - 15)/(6/(-4))?
2
Let g be 1*(-4 - -3)*0. Suppose g*r - 3*r = 4*v - 62, -3*r + 27 = -3*v. What is the remainder when r is divided by 5?
4
Suppose 3*n = 5 + 4. Calculate the remainder when 5 is divided by n.
2
Let l be (4/(-3))/(4/(-6)). Suppose -p - 1 = -0*p, -3*k + l*p = 1. What is the remainder when 41 is divided by 1*(13 + (-1)/k)?
13
Suppose 2*k + k = -48. Let s = k - -10. Calculate the remainder when s/8*340/(-5) is divided by 13.
12
Suppose -5*i + 2*o + o + 8 = 0, 4*o = -3*i + 28. Calculate the remainder when i is divided by 3 + (1 - 2) - -1.
1
Suppose 0*k + 56 = 4*k. Suppose 4*b - k = -2. Let y = -11 - -19. Calculate the remainder when y is divided by b.
2
Suppose -5*q + 67 = j, 0 = -2*q - 5*j + 41 - 5. Calculate the remainder when 48 is divided by q.
9
What is the remainder when (3/3)/((-2)/(-14)) is divided by 2?
1
Suppose 4*r - 36 = 3*l, 2*l - 2 = -r + l. Suppose -5*d + 4 + 5 = -2*w, 5*d - r = 3*w. Calculate the remainder when 8 is divided by w.
2
Suppose -p = -5*p + 8. Let f = 64 - 52. Suppose -4*y = 3*x - p*x - f, -2*x - 4 = y. Calculate the remainder when 11 is divided by y.
3
Let p = -6 + 6. Let y(q) = -q + 13. Calculate the remainder when y(p) is divided by 7.
6
Suppose 4*o + m - 6*m - 67 = 0, -m = -4*o + 55. Let c be 1/2 + 2/(-4). Suppose -w = c, b + 3*w - 6*w - 24 = 0. What is the remainder when b is divided by o?
11
Suppose 0 = -5*j + 2*k + 332, 5*j = 8*j + 5*k - 224. Calculate the remainder when j is divided by 5.
3
Suppose 0 = -114*q + 120*q - 162. Calculate the remainder when q is divided by 15.
12
What is the remainder when 94 is divided by 30 + (-8)/(-6 - -2)?
30
Let s be -1 - (-3)/(-9)*0. Let q = 17 - s. Suppose f - 4 = -8, 2*c + 2*f = 96. Calculate the remainder when c is divided by q.
16
Suppose -j = 5*f - 45, 2 - 11 = -f - 5*j. Suppose -4*g = -175 - 29. What is the remainder when (-1)/(-2 + 99/g) is divided by f?
8
Suppose 2*u - l = -u - 6, 7 = -u + 2*l. Let f = 0 - u. Let j = 33 - f. Calculate the remainder when j is divided by 11.
10
Let z = 11 - 6. Suppose -z*a + 5*w = -135, 5*a + w - 120 = 3*w. What is the remainder when 64 is divided by a?
20
Let c = -3 - -21. Let k(j) = 7 + 9*j - 19 + 12*j**2 - 2*j**3 + 3*j**3. Calculate the remainder when c is divided by k(-11).
8
Let v(r) = 8*r - 14. What is the remainder when v(8) is divided by 18?
14
Suppose 4*k = i - k, -4 = -4*k. Suppose 0 = -i*v + 101 + 34. Calculate the remainder when v is divided by 10.
7
Suppose -4*y + 3*y + 1 = 0. Let v = y + 5. Suppose -5*t + 10 = -4*t. Calculate the remainder when t is divided by v.
4
Let n(l) = l**2 - 7*l + 8. Calculate the remainder when 31 is divided by n(7).
7
Let l be -1*(-79 - (-4 - -3)). Suppose -l = 3*w - 240. What is the remainder when w is divided by 14?
12
Suppose -4*h + 64 = -s + 5*s, 0 = -4*s - 2*h + 74. What is the remainder when 81 is divided by s?
18
Suppose 2*g - 3*p = 19, -19 = -5*g + 4*p + 11. Suppose g*s + 28 = 4*s. Calculate the remainder when s is divided by 5.
4
Let z = 55 + -31. What is the remainder when z is divided by 14?
10
Suppose -4*n - 60 = -0*n. What is the remainder when 34/(-8)*(7 + n) is divided by 7?
6
Let c(l) = -4*l - 9. Suppose 3*w - w - k - 79 = 0, 0 = w + 2*k - 52. What is the remainder when w is divided by c(-6)?
